{"id":31881,"date":"2023-02-14T15:33:38","date_gmt":"2023-02-14T15:33:38","guid":{"rendered":"https:\/\/www.josedemello.pt\/?page_id=31881"},"modified":"2025-07-10T16:26:33","modified_gmt":"2025-07-10T16:26:33","slug":"corporate-presentation","status":"publish","type":"page","link":"https:\/\/josedemello.pt\/en\/corporate-presentation\/","title":{"rendered":"Corporate Presentation"},"content":{"rendered":"\n<div class=\"wp-block-group small\"><div class=\"wp-block-group__inner-container is-layout-constrained wp-block-group-is-layout-constrained\">\n<hr class=\"wp-block-separator has-alpha-channel-opacity\"\/>\n\n\n\n<p class=\"has-text-align-center has-text-color has-medium-font-size\" style=\"color:#00205c\"><strong><strong>If you wish to find out more about the Jos\u00e9 de Mello Group, please download below our corporate presentation.<\/strong><\/strong><\/p>\n\n\n\n<div style=\"height:30px\" aria-hidden=\"true\" class=\"wp-block-spacer\"><\/div>\n\n\n<div class=\"wp-block-image\">\n<figure class=\"aligncenter size-full\"><a href=\"https:\/\/josedemello.pt\/wp-content\/uploads\/2025\/06\/Corporate-Presentation-Grupo-Jose-de-Mello-june-2025-1.pdf\" target=\"_blank\" rel=\" noreferrer noopener\"><img loading=\"lazy\" decoding=\"async\" width=\"330\" height=\"180\" src=\"https:\/\/josedemello.pt\/wp-content\/uploads\/2023\/01\/apresentacao-institucional.jpg\" alt=\"\" class=\"wp-image-31544\" title=\"\" srcset=\"https:\/\/josedemello.pt\/wp-content\/uploads\/2023\/01\/apresentacao-institucional.jpg 330w, https:\/\/josedemello.pt\/wp-content\/uploads\/2023\/01\/apresentacao-institucional-300x164.jpg 300w\" sizes=\"auto, (max-width: 330px) 100vw, 330px\" \/><\/a><\/figure>\n<\/div>\n\n\n<div style=\"height:50px\" aria-hidden=\"true\" class=\"wp-block-spacer\"><\/div>\n\n\n\n<p class=\"has-text-align-center\">Presentation The Jos\u00e9 de Mello Group<\/p>\n\n\n\n<p class=\"has-text-align-center\"><a href=\"https:\/\/josedemello.pt\/wp-content\/uploads\/2025\/06\/Corporate-Presentation-Grupo-Jose-de-Mello-june-2025-1.pdf\" target=\"_blank\" rel=\"noopener\" title=\"\">Download<\/a><\/p>\n<\/div><\/div>\n","protected":false},"excerpt":{"rendered":"<p>If you wish to find out more about the Jos\u00e9 de Mello Group, please download below our corporate presentation. Presentation The Jos\u00e9 de Mello Group Download<\/p>\n","protected":false},"author":1,"featured_media":31680,"parent":0,"menu_order":0,"comment_status":"closed","ping_status":"closed","template":"","meta":{"_acf_changed":false,"slim_seo":{"title":"Corporate Presentation - Grupo Jos\u00e9 de Mello","description":"If you wish to find out more about the Jos\u00e9 de Mello Group, please download below our corporate presentation. Presentation The Jos\u00e9 de Mello Group Download"},"footnotes":""},"class_list":["post-31881","page","type-page","status-publish","has-post-thumbnail","hentry"],"acf":[],"_links":{"self":[{"href":"https:\/\/josedemello.pt\/en\/wp-json\/wp\/v2\/pages\/31881","targetHints":{"allow":["GET"]}}],"collection":[{"href":"https:\/\/josedemello.pt\/en\/wp-json\/wp\/v2\/pages"}],"about":[{"href":"https:\/\/josedemello.pt\/en\/wp-json\/wp\/v2\/types\/page"}],"author":[{"embeddable":true,"href":"https:\/\/josedemello.pt\/en\/wp-json\/wp\/v2\/users\/1"}],"replies":[{"embeddable":true,"href":"https:\/\/josedemello.pt\/en\/wp-json\/wp\/v2\/comments?post=31881"}],"version-history":[{"count":25,"href":"https:\/\/josedemello.pt\/en\/wp-json\/wp\/v2\/pages\/31881\/revisions"}],"predecessor-version":[{"id":33344,"href":"https:\/\/josedemello.pt\/en\/wp-json\/wp\/v2\/pages\/31881\/revisions\/33344"}],"wp:featuredmedia":[{"embeddable":true,"href":"https:\/\/josedemello.pt\/en\/wp-json\/wp\/v2\/media\/31680"}],"wp:attachment":[{"href":"https:\/\/josedemello.pt\/en\/wp-json\/wp\/v2\/media?parent=31881"}],"curies":[{"name":"wp","href":"https:\/\/api.w.org\/{rel}","templated":true}]}}

<div class="wp-block-group small"><div class="wp-block-group__inner-container is-layout-constrained wp-block-group-is-layout-constrained">
<hr class="wp-block-separator has-alpha-channel-opacity"/>



<p class="has-text-align-center has-text-color has-medium-font-size" style="color:#00205c"><strong><strong>If you wish to find out more about the José de Mello Group, please download below our corporate presentation.</strong></strong></p>



<div style="height:30px" aria-hidden="true" class="wp-block-spacer"></div>


<div class="wp-block-image">
<figure class="aligncenter size-full"><a href="https://josedemello.pt/wp-content/uploads/2025/06/Corporate-Presentation-Grupo-Jose-de-Mello-june-2025-1.pdf" target="_blank" rel=" noreferrer noopener"><img loading="lazy" decoding="async" width="330" height="180" src="https://josedemello.pt/wp-content/uploads/2023/01/apresentacao-institucional.jpg" alt="" class="wp-image-31544" title="" srcset="https://josedemello.pt/wp-content/uploads/2023/01/apresentacao-institucional.jpg 330w, https://josedemello.pt/wp-content/uploads/2023/01/apresentacao-institucional-300x164.jpg 300w" sizes="auto, (max-width: 330px) 100vw, 330px" /></a></figure>
</div>


<div style="height:50px" aria-hidden="true" class="wp-block-spacer"></div>



<p class="has-text-align-center">Presentation The José de Mello Group</p>



<p class="has-text-align-center"><a href="https://josedemello.pt/wp-content/uploads/2025/06/Corporate-Presentation-Grupo-Jose-de-Mello-june-2025-1.pdf" target="_blank" rel="noopener" title="">Download</a></p>
</div></div>

<p>If you wish to find out more about the José de Mello Group, please download below our corporate presentation. Presentation The José de Mello Group Download</p>

Corporate Presentation - Grupo José de Mello

If you wish to find out more about the José de Mello Group, please download below our corporate presentation. Presentation The José de Mello Group Download
