{"id":32482,"date":"2023-10-17T14:26:44","date_gmt":"2023-10-17T14:26:44","guid":{"rendered":"https:\/\/www.josedemello.pt\/empresas\/winestone\/"},"modified":"2024-01-10T12:04:31","modified_gmt":"2024-01-10T12:04:31","slug":"winestone","status":"publish","type":"empresa","link":"https:\/\/josedemello.pt\/en\/subsidiaries\/winestone\/","title":{"rendered":"WineStone"},"content":{"rendered":"\n<div class=\"wp-block-group small\"><div class=\"wp-block-group__inner-container is-layout-constrained wp-block-group-is-layout-constrained\">\n<hr class=\"wp-block-separator has-alpha-channel-opacity\"\/>\n\n\n\n<p class=\"has-medium-font-size\"><strong>WineStone aims to become one of the leading players in the wine sector in Portugal.<\/strong><\/p>\n\n\n\n<p>\u00a0The company currently manages assets in the Alentejo, Douro, Vinhos Verdes anda Lisbon regions, with a diverse portfolio that includes Ravasqueira, Quinta do Retiro Novo, Krohn, Quinta do C\u00f4tto, Pa\u00e7o do Teixeir\u00f3 and Quinta de Pancas, following a series of investments that expanded its production and export capacity, allowing it to enter new markets and segments.<\/p>\n\n\n\n<p>The acquisition of the century-old Porto wine brand Krohn also enables WineStone to enter a new category of wines.<\/p>\n\n\n\n<p>WineStone website: <a href=\"https:\/\/winestone.com\" target=\"_blank\" rel=\"noreferrer noopener\">winestone.com<\/a><\/p>\n<\/div><\/div>\n","protected":false},"author":1,"featured_media":32481,"menu_order":1,"template":"","meta":{"_acf_changed":false,"slim_seo":{"title":"WineStone - Grupo Jos\u00e9 de Mello","description":"WineStone aims to become one of the leading players in the wine sector in Portugal. \u00a0The company currently manages assets in the Alentejo, Douro, Vinhos Verdes"},"footnotes":""},"class_list":["post-32482","empresa","type-empresa","status-publish","has-post-thumbnail","hentry"],"acf":[],"_links":{"self":[{"href":"https:\/\/josedemello.pt\/en\/wp-json\/wp\/v2\/empresa\/32482","targetHints":{"allow":["GET"]}}],"collection":[{"href":"https:\/\/josedemello.pt\/en\/wp-json\/wp\/v2\/empresa"}],"about":[{"href":"https:\/\/josedemello.pt\/en\/wp-json\/wp\/v2\/types\/empresa"}],"author":[{"embeddable":true,"href":"https:\/\/josedemello.pt\/en\/wp-json\/wp\/v2\/users\/1"}],"version-history":[{"count":3,"href":"https:\/\/josedemello.pt\/en\/wp-json\/wp\/v2\/empresa\/32482\/revisions"}],"predecessor-version":[{"id":32725,"href":"https:\/\/josedemello.pt\/en\/wp-json\/wp\/v2\/empresa\/32482\/revisions\/32725"}],"wp:featuredmedia":[{"embeddable":true,"href":"https:\/\/josedemello.pt\/en\/wp-json\/wp\/v2\/media\/32481"}],"wp:attachment":[{"href":"https:\/\/josedemello.pt\/en\/wp-json\/wp\/v2\/media?parent=32482"}],"curies":[{"name":"wp","href":"https:\/\/api.w.org\/{rel}","templated":true}]}}

<div class="wp-block-group small"><div class="wp-block-group__inner-container is-layout-constrained wp-block-group-is-layout-constrained">
<hr class="wp-block-separator has-alpha-channel-opacity"/>



<p class="has-medium-font-size"><strong>WineStone aims to become one of the leading players in the wine sector in Portugal.</strong></p>



<p> The company currently manages assets in the Alentejo, Douro, Vinhos Verdes anda Lisbon regions, with a diverse portfolio that includes Ravasqueira, Quinta do Retiro Novo, Krohn, Quinta do Côtto, Paço do Teixeiró and Quinta de Pancas, following a series of investments that expanded its production and export capacity, allowing it to enter new markets and segments.</p>



<p>The acquisition of the century-old Porto wine brand Krohn also enables WineStone to enter a new category of wines.</p>



<p>WineStone website: <a href="https://winestone.com" target="_blank" rel="noreferrer noopener">winestone.com</a></p>
</div></div>

WineStone - Grupo José de Mello
